2. What is u(-1)?
-92
Let g(b) = b**3 - 9*b**2 - 16*b - 7. Give g(10).
-67
Let o(x) = x**3 - 2*x - 10. Determine o(0).
-10
Let z(m) = m**3 - 8*m**2 + m - 17. Give z(8).
-9
Let q(a) = -5*a**2 + 5*a - 2. What is q(2)?
-12
Let b(p) = 8*p - 176. Determine b(23).
8
Let u(z) = -z**3 + 2*z**2 + 5*z + 9. Determine u(5).
-41
Let a(p) = -p**2 + 13*p + 11. Determine a(14).
-3
Let b(v) = 6*v - 201. Determine b(31).
-15
Let i(s) = -s - 15. Determine i(-6).
-9
Let m(a) = -a**3 - 6*a**2 - 8*a - 8. Give m(-4).
-8
Let x(l) = l**3 - 4*l**2 - 7*l + 5. What is x(4)?
-23
Let s(c) = c**3 - c**2 - 2*c - 5. Determine s(4).
35
Let q(a) = 2*a + 5. Calculate q(-2).
1
Let a(n) = n**2 - 4*n - 26. Calculate a(7).
-5
Let o(x) = -x**3 - 14*x**2 + 16*x + 26. Give o(-15).
11
Let h(l) = l**3 + 8*l**2 + 10*l + 14. Determine h(-7).
-7
Let r(v) = 3*v**2 - 4*v + 3. Determine r(3).
18
Let i(n) = -25*n - 457. What is i(-18)?
-7
Let i(o) = o**3 - 2*o**2 - 3*o - 2. What is i(4)?
18
Let g(a) = 8*a**2 - 18*a + 2. What is g(4)?
58
Let k(f) = -f**3 - 9*f**2 - f - 5. What is k(-9)?
4
Let z(w) = 3*w + 38. What is z(-9)?
11
Let j(v) = v**3 - 10*v**2 + 18*v - 10. What is j(8)?
6
Let y(i) = -5*i - 30. Give y(-6).
0
Let b(r) = r**2 - 10*r + 3. Determine b(6).
-21
Let m(v) = 2*v**2 + 2*v + 22. Give m(0).
22
Let v(h) = 5*h - 171. Determine v(35).
4
Let z(w) = -w**2 - w - 2. Give z(-2).
-4
Let n(b) = b**3 - 7*b**2 + 24*b - 64. What is n(5)?
6
Let u(r) = -r**3 - 5*r**2 - 3. Calculate u(-3).
-21
Let z(h) = h**3 + 2*h**2 - 10*h - 8. Calculate z(-4).
0
Let n(l) = l**3 - l**2 - 10*l + 19. Calculate n(3).
7
Let g(u) = -u - 6. Determine g(-13).
7
Let w(d) = -d**2 - 29*d + 2. Calculate w(-29).
2
Let w(b) = -4*b - 12. Calculate w(19).
-88
Let j(g) = -5*g - 248. Give j(-51).
7
Let q(a) = a**3 - 9*a**2 - 7*a + 16. Calculate q(10).
46
Let k(q) = -q**3 + 11*q**2 + 3*q - 6. Give k(0).
-6
Let a(w) = 26*w - 70. What is a(5)?
60
Let b(r) = -r**3 - 29*r**2 + r + 40. Calculate b(-29).
11
Let y(p) = -12*p + 90. What is y(9)?
-18
Let a(c) = -c**3 + 6*c**2 + 2*c - 4. Give a(6).
8
Let z(q) = 4*q**2 + 16*q + 18. Give z(-5).
38
Let m(o) = -o**3 - 2. Calculate m(3).
-29
Let i(g) = -19*g + 1. Determine i(-1).
20
Let h(d) = 2*d - 29. What is h(13)?
-3
Let i(h) = h**2 - 15*h + 38. Determine i(12).
2
Let j(k) = -3*k + 1. Give j(-3).
10
Let r(b) = 4*b + 7. What is r(-3)?
-5
Let p(q) = -57*q**3 - q**2 + 2*q + 4. Calculate p(-1).
58
Let f(i) = 6*i + 66. Calculate f(-8).
18
Let y(j) = -j + 19. What is y(13)?
6
Let a(y) = y**3 - 3*y**2. Determine a(3).
0
Let v(n) = n**2 - 9*n - 5. Give v(9).
-5
Let g(w) = 2*w**2 + 45*w + 95. What is g(-20)?
-5
Let i(n) = 7*n + 156. Determine i(-22).
2
Let y(w) = -11*w**3 - 2*w**2 - 2*w - 1. What is y(-1)?
10
Let p(k) = -k**3 - 11*k**2 - 32*k - 8. What is p(-5)?
2
Let r(u) = -4*u + 56. Calculate r(12).
8
Let p(l) = -102*l + 6. What is p(0)?
6
Let p(f) = f - 23. Give p(13).
-10
Let d(p) = p**3 + 18*p**2 + 11*p - 17. What is d(-17)?
85
Let r(b) = 11*b - 4. Give r(-2).
-26
Let o(y) = -y**3 - 7*y**2 - 4*y - 6. Determine o(-6).
-18
Let c(t) = -17*t - 2. Give c(-1).
15
Let o(i) = i**3 - 6*i**2 + 4*i + 10. Give o(5).
5
Let b(h) = -9*h - 24. Calculate b(-2).
-6
Let i(n) = n**2 + 5*n - 7. What is i(-5)?
-7
Let l(o) = 3*o**3 + 4*o**2 - 4*o + 9. What is l(-3)?
-24
Let k(a) = 3*a - 7. Calculate k(6).
11
Let x(t) = t**3 - 15*t**2 + 3*t - 45. What is x(15)?
0
Let q(b) = -19*b - 154. Calculate q(-8).
-2
Let p(f) = 12*f**2 - 4*f + 1. Determine p(1).
9
Let c(b) = -2*b**2 + 10*b. What is c(8)?
-48
Let c(a) = -13*a**2 + a. Give c(-1).
-14
Let z(s) = s**3 - 7*s**2 - 10*s + 10. Give z(8).
-6
Let h(m) = -m**2 + 15*m - 23. What is h(21)?
-149
Let q(b) = -b**2 + 5*b + 5. What is q(7)?
-9
Let h(q) = 2*q**2 + 31*q - 10. Calculate h(-16).
6
Let b(d) = -d**2 - 17*d - 50. Determine b(-14).
-8
Let w(g) = g + 2. Give w(-4).
-2
Let u(o) = 10*o + 34. Calculate u(-8).
-46
Let r(t) = -t + 1. Calculate r(1).
0
Let z(v) = -v**3 - 12*v**2 - 10*v + 13. Calculate z(-11).
2
Let u(f) = -f**3 - 16*f**2 + 2*f + 17. Calculate u(-16).
-15
Let o(z) = z - 23. Determine o(17).
-6
Let m(f) = -f**3 - 13*f**2 + 5*f + 20. What is m(-13)?
-45
Let h(i) = -2*i**2 + 6*i - 4. Determine h(3).
-4
Let m(d) = -75*d - 5. Calculate m(1).
-80
Let m(g) = g**2 + 7*g + 2. Determine m(-7).
2
Let h(i) = i**3 - 10*i**2 - i + 7. What is h(10)?
-3
Let p(l) = -l**2 - 10*l + 40. Calculate p(3).
1
Let n(p) = -p**3 - 9*p**2 + 10*p + 6. Give n(-10).
6
Let y(q) = q**2 + 10*q - 3. Give y(-6).
-27
Let y(w) = w**3 + 5*w**2 + 4*w - 1. Calculate y(-4).
-1
Let r(v) = -v**3 - 15*v**2 - 13*v + 20. Determine r(-14).
6
Let d(f) = -f**2 + 21*f + 18. Give d(23).
-28
Let a(q) = -15*q + 161. Give a(10).
11
Let y(n) = n - 17. What is y(8)?
-9
Let v(b) = 2*b + 10. Give v(6).
22
Let l(m) = m**3 - 11*m**2 + 5*m + 11. Calculate l(11).
66
Let a(h) = h**3 + 6*h**2 + h + 8. What is a(-6)?
2
Let u(o) = 45*o**3 - o**2 + 1. Determine u(-1).
-45
Let k(x) = -x**3 + x**2 + 16*x + 2. What is k(-3)?
-10
Let z(o) = -o**3 - 10*o**2 - 12*o + 6. Determine z(-9).
33
Let g(t) = t**2 + 32*t - 22. Calculate g(-33).
11
Let a(m) = -m**2 + 7*m - 1. What is a(6)?
5
Let y(m) = m**2 - m - 6. What is y(3)?
0
Let l(b) = b + 2. Determine l(11).
13
Let w(m) = m**3 - 19*m**2 - 20*m + 10. Give w(20).
10
Let k(d) = d**2 - 52*d + 138. What is k(49)?
-9
Let d(w) = 2*w**2 + 2*w - 17. Determine d(3).
7
Let u(m) = -m**2 - 31*m + 120. Determine u(-34).
18
Let t(x) = x**3 - 17*x**2 + 62*x - 19. What is t(12)?
5
Let u(r) = -r - 3. Give u(-9).
6
Let r(h) = -h**3 + 6*h**2 + 6*h + 5. Determine r(7).
-2
Let h(z) = -2*z**2 - 18*z - 3. Give h(-9).
-3
Let u(j) = -j**3 - 5*j**2 + 2*j. Calculate u(-6).
24
Let h(l) = -l**3 + 11*l**2 - 6*l. What is h(9)?
108
Let q(g) = g**3 + 26*g**2 + 29*g - 6. What is q(-25)?
-106
Let f(m) = -m**3 - 20*m**2 + 22*m + 16. Give f(-21).
-5
Let l(d) = -2*d - 1. Calculate l(9).
-19
Let d(w) = -w + 17. Calculate d(5).
12
Let k(m) = -14*m - 4. Determine k(-2).
24
Let q(j) = -2*j + 12. Determine q(-8).
28
Let l(d) = -d**3 + 11*d**2 + 10*d + 17. Give l(12).
-7
Let d(f) = -f**2 + 2*f - 7. Give d(3).
-10
Let n(w) = 40*w**2 + 3*w - 2. What is n(1)?
41
Let l(j) = -j**3 + 9*j**2 - 13*j + 7. Determine l(6).
37
Let j(t) = -t**3 - 18*t**2 + 62*t - 15. Calculate j(-21).
6
Let b(u) = -u**2 + 3*u + 7. What is b(4)?
3
Let a(d) = -13*d**2 + 4*d + 4. Calculate a(-3).
-125
Let o(z) = -z**3 - 8*z**2 - 1. What is o(-8)?
-1
Let s(z) = 2*z - 34. Calculate s(-12).
-58
Let w(a) = -15*a + 168. Give w(6).
78
Let q(y) = -6*y**3 - 2*y**2 - 2*y + 3. Give q(1).
-7
Let v(p) = p + 4. Determine v(3).
7
Let w(h) = h**3 - 5*h. What is w(-4)?
-44
Let f(s) = 2*s**2 + 12*s + 5. Determine f(-6).
5
Let h(u) = -3*u**3 + u**2 + u + 1. Determine h(-1).
4
Let c(a) = -4*a**3 - a**2 - 2*a - 2. Give c(-1).
3
Let h(f) = -f**2 - 9*f + 2. Give h(-7).
16
Let l(d) = d**2 - 4*d + 6. What is l(6)?
18
Let i(n) = n**3 - 4*n**2 - 9*n + 1. Determine i(7).
85
Let m(x) = -x**3 + 12*x**2 - 9*x - 22. Determine m(11).
0
Let j(p) = p**2 + 2*p + 3. Give j(-2).
3
Let u(b) = -b**2 + 12*b + 5. Calculate u(13).
-8
Let s(g) = 2*g**3 + g**2 - 6*g - 6. What is s(-3)?
-33
Let i(r) = -r**3 + 8*r**2 - 20*r + 6. Give i(3).
-9
Let m(l) = 21*l - 120. What is m(6)?
6
Let m(g) = -17*g + 175. What is m(12)?
-29
Let k(w) = -w**2 + 11*w + 1. Give k(3).
25
Let j(t) = 2*t**3 + 2*t + 1. Give j(-2).
-19
Let s(j) = -j**2 + 8*j - 1. Calculate s(7).
6
Let r(o) = o**2 + 4*o - 6. Give r(-5).
-1
Let p(t) = -14*t**2 - 3*t. Determine p(-1).
-11
Let w(d) = d**3 + 3*d + 1. Determine w(-2).
-13
Let d(x) = 12*x - 114. What is d(6)?
-42
Let x(y) = -12*y**2 + 4*y - 2. Give x(1).
-10
Let u(j) = -j**3 + 4*j**2. Calculate u(2).
8
Let j(g) = 2*g + 2. What is j(-12)?
-22
Let p(x) = x**3 + 5*x**2 - 4*x + 5. Calculate p(-5).
25
Let t(g) = -g**2 + 3*g - 2. Give t(2).
0
Let f(y) = 4*y**2 - 35*y - 28. Calculate f(10).
22
Let o(r) = -r + 20. What is o(24)?
-4
Let c(g) = -g**2 - 3*g + 7. Give c(-6).
-11
Let a(m) = 3*m + 1. Determine a(-4).
-11
Let a(d) = 2*d + 2. Calculate a(-5).
-8
Let x(r) = -2*r**2 + 26*r - 26. What is x(1)?
-2
Let o(a) = -3*a**2 + 11*a - 2. Calculate o(3).
4
Let i(z) = -z**3 + z**2 - z - 34. What is i(0)?
-34
Let y(p) = p**3 - 11*p**2 - 24*p - 4. What is y(13)?
22
Let j(u) = 66*u - 4. Calculate j(-1).
-